{"id":646,"date":"2026-03-30T19:46:21","date_gmt":"2026-03-30T19:46:21","guid":{"rendered":"https:\/\/e2.servicios-empresa.com\/?page_id=646"},"modified":"2026-04-17T11:55:42","modified_gmt":"2026-04-17T11:55:42","slug":"aviso-legal","status":"publish","type":"page","link":"https:\/\/e2.servicios-empresa.com\/index.php\/aviso-legal\/","title":{"rendered":"AVISO LEGAL"},"content":{"rendered":"\t\t<div data-elementor-type=\"wp-page\" data-elementor-id=\"646\" class=\"elementor elementor-646\">\n\t\t\t\t<div class=\"elementor-element elementor-element-932ab49 e-flex e-con-boxed wpr-particle-no wpr-jarallax-no wpr-parallax-no wpr-sticky-section-no wpr-equal-height-no e-con e-parent\" data-id=\"932ab49\" data-element_type=\"container\" data-e-type=\"container\" data-settings=\"{&quot;background_background&quot;:&quot;classic&quot;}\">\n\t\t\t\t\t<div class=\"e-con-inner\">\n\t\t\t\t\t<\/div>\n\t\t\t\t<\/div>\n\t\t<div class=\"elementor-element elementor-element-0b1000e e-flex e-con-boxed wpr-particle-no wpr-jarallax-no wpr-parallax-no wpr-sticky-section-no wpr-equal-height-no e-con e-parent\" data-id=\"0b1000e\" data-element_type=\"container\" data-e-type=\"container\" data-settings=\"{&quot;background_background&quot;:&quot;classic&quot;}\">\n\t\t\t\t\t<div class=\"e-con-inner\">\n\t\t<div class=\"elementor-element elementor-element-675283e e-con-full e-flex wpr-particle-no wpr-jarallax-no wpr-parallax-no wpr-sticky-section-no wpr-equal-height-no e-con e-child\" data-id=\"675283e\" data-element_type=\"container\" data-e-type=\"container\">\n\t\t\t\t<div class=\"elementor-element elementor-element-0cc5552 elementor-widget elementor-widget-elementskit-heading\" data-id=\"0cc5552\" data-element_type=\"widget\" data-e-type=\"widget\" data-widget_type=\"elementskit-heading.default\">\n\t\t\t\t\t<div class=\"ekit-wid-con\" ><div class=\"ekit-heading elementskit-section-title-wraper text_left   ekit_heading_tablet-   ekit_heading_mobile-\"><span class=\"elementskit-section-subtitle  elementskit-style-border\">\n\t\t\t\t\t\tAviso Legal\n\t\t\t\t\t<\/span><\/div><\/div>\t\t\t\t<\/div>\n\t\t\t\t<div class=\"elementor-element elementor-element-221636f elementor-widget elementor-widget-text-editor\" data-id=\"221636f\" data-element_type=\"widget\" data-e-type=\"widget\" data-widget_type=\"text-editor.default\">\n\t\t\t\t\t\t\t\t\t<p>En este espacio, el usuario, podr\u00e1 encontrar toda la informaci\u00f3n relativa a los t\u00e9rminos y condiciones de uso que definen las relaciones entre los usuarios y el titular de esta web. Como usuario, es importante conocer estos t\u00e9rminos antes de continuar con la navegaci\u00f3n.<\/p><p><strong><u>IDENTIFICACI\u00d3N Y CONTACTO DEL TITULAR DE LA WEB<\/u><\/strong><\/p><p><strong>Nombre:\u00a0<\/strong>COMPLIANCE-CONSIGNO, S.L.<\/p><p><strong>CIF:\u00a0<\/strong>B40573636<\/p><p><strong>Domicilio Social:\u00a0<\/strong>Carrer del Transits, 2. 46002, Valencia<\/p><p><strong>Inscripci\u00f3n Registral:\u00a0<\/strong>Registro Mercantil de Valencia en el tomo 10656, folio 162, inscripci\u00f3n 1 con hoja V-187226.<\/p><p><strong>Tel\u00e9fono<\/strong>: 609 87 23 82<\/p><p><strong>Correo Electr\u00f3nico:<\/strong><strong>\u00a0<\/strong>consigno@consignocpl.es<\/p><p><strong><u>\u00c1MBITO DE APLICACI\u00d3N<\/u><\/strong><\/p><p>La navegaci\u00f3n por el sitio web del Titular implica asumir la condici\u00f3n de usuario y la aceptaci\u00f3n absoluta de lo manifestado en este Aviso Legal.<\/p><p><strong><u>PROPIEDAD INTELECTUAL O INDUSTRIAL<\/u><\/strong><\/p><p>En virtud de lo dispuesto en los art\u00edculos 8 y 32.1, p\u00e1rrafo segundo, de la Ley de Propiedad Intelectual, quedan expresamente prohibidas la reproducci\u00f3n, la distribuci\u00f3n y la comunicaci\u00f3n p\u00fablica, incluida su modalidad de puesta a disposici\u00f3n, de la totalidad o parte de los contenidos de esta p\u00e1gina web, con fines comerciales, en cualquier soporte y por cualquier medio t\u00e9cnico, sin la autorizaci\u00f3n del titular de la web. El usuario se compromete a respetar los derechos de Propiedad Intelectual e Industrial titularidad de COMPLIANCE-CONSIGNO, S.L.<\/p><p>Todos los contenidos publicados en el sitio web y especialmente los dise\u00f1os, textos, im\u00e1genes, v\u00eddeos, gr\u00e1ficos, logos, iconos, botones, as\u00ed como los nombres comerciales, las marcas o dibujos y cualquier otro signo susceptible de utilizaci\u00f3n industrial y comercial est\u00e1n sujetos a derechos de propiedad intelectual e industrial de COMPLIANCE-CONSIGNO, S.L. En ning\u00fan caso, se entender\u00e1 que se concede licencia alguna o se efect\u00faa renuncia, transmisi\u00f3n, cesi\u00f3n total o parcial de dichos derechos ni se confiere ning\u00fan derecho ni expectativa de derecho, y en especial, de alteraci\u00f3n, explotaci\u00f3n, reproducci\u00f3n, distribuci\u00f3n o comunicaci\u00f3n p\u00fablica sobre dichos contenidos sin la previa autorizaci\u00f3n expresa de COMPLIANCE-CONSIGNO, S.L.<\/p><p>COMPLIANCE-CONSIGNO, S.L. cuenta con la autorizaci\u00f3n para la publicaci\u00f3n en su web de las im\u00e1genes, textos y logos de sus clientes.<\/p><p><strong><u>NORMAS COMUNES DE USO DE LA WEB<\/u><\/strong><\/p><p>El usuario queda informado, y acepta, que el acceso a la presente web no supone, en modo alguno, el inicio de una relaci\u00f3n comercial. De esta forma, el usuario se compromete a utilizar el sitio web, sus servicios y contenidos sin contravenir la legislaci\u00f3n vigente, la buena fe y el orden p\u00fablico.<\/p><p>Queda prohibido el uso de la web, con fines il\u00edcitos o lesivos, o que, de cualquier forma, puedan causar perjuicio o impedir el normal funcionamiento del sitio web. Respecto de los contenidos de esta web, se proh\u00edbe su utilizaci\u00f3n para fines comerciales o publicitarios.<\/p><p>En la utilizaci\u00f3n de la web, el usuario se compromete a no llevar a cabo ninguna conducta que pudiera da\u00f1ar la imagen, los intereses y los derechos de COMPLIANCE-CONSIGNO, S.L. o de terceros, o que pudiera da\u00f1ar, inutilizar o sobrecargar el portal o que impidiera, de cualquier forma, la normal utilizaci\u00f3n de la web.<\/p><p><strong><u>LIMITACI\u00d3N DE RESPONSABILIDADES<\/u><\/strong><\/p><p>COMPLIANCE-CONSIGNO, S.L. responder\u00e1 de los da\u00f1os y perjuicios que el usuario pueda sufrir como consecuencia de la utilizaci\u00f3n del sitio web cuando dichos da\u00f1os sean directamente imputables a una actuaci\u00f3n incorrecta de esta entidad, habiendo probado que no ha cumplido las exigencias y requisitos legales y reglamentariamente establecidos. Es responsabilidad del usuario adoptar todas las medidas t\u00e9cnicas adecuadas para controlar razonablemente los riesgos de la navegaci\u00f3n abierta por Internet y evitar da\u00f1os en sus equipos, p\u00e9rdida de datos y robo de informaci\u00f3n confidencial. COMPLIANCE-CONSIGNO, S.L. no se hace responsable de los perjuicios que se pudieran derivar de interferencias, omisiones, interrupciones, virus inform\u00e1ticos, aver\u00edas y\/o desconexiones en el funcionamiento operativo de este sitio web o en los aparatos y equipos inform\u00e1ticos de los usuarios, motivadas por causas ajenas a COMPLIANCE-CONSIGNO, S.L.<\/p><p>COMPLIANCE-CONSIGNO, S.L. no ser\u00e1 responsable si no tiene conocimiento efectivo de que la actividad o la informaci\u00f3n a la que remite o recomienda a trav\u00e9s de sus enlaces es il\u00edcita o de que lesiona bienes o derechos de un tercero susceptibles de indemnizaci\u00f3n, o si lo tiene, act\u00faa con diligencia para suprimir o inutilizar el enlace o la informaci\u00f3n correspondiente.<\/p><p><strong><u>MODIFICACI\u00d3N DE LAS CONDICIONES DE USO<\/u><\/strong><\/p><p>Eventualmente, estas Condiciones de Uso pueden ser revisadas con el fin de actualizar los cambios en la legislaci\u00f3n vigente, actualizar los procedimientos de recogida y uso de la informaci\u00f3n, la aparici\u00f3n de nuevos servicios o la exclusi\u00f3n de otros. Estos cambios ser\u00e1n vigentes a partir de su publicaci\u00f3n en la web, por lo que es importante revisar regularmente estas Condiciones de Uso con el fin de permanecer informado sobre los cambios habidos.<\/p><p><strong><u>NULIDAD E INEFICACIA DE LAS CL\u00c1USULAS<\/u><\/strong><\/p><p>Si cualquier cl\u00e1usula incluida en las presentes Condiciones Generales fuese declarada total o parcialmente nula o ineficaz, tal nulidad o ineficacia tan s\u00f3lo afectar\u00e1 a dicha disposici\u00f3n o a la parte de la misma que resulte nula o ineficaz, subsistiendo las presentes Condiciones Generales en todo lo dem\u00e1s, consider\u00e1ndose tal disposici\u00f3n, total o parcialmente, por no incluida.<\/p><p><strong><u>PROTECCI\u00d3N DE DATOS PERSONALES<\/u><\/strong><\/p><p>Consultar \u201cPol\u00edtica de Privacidad\u201d.<\/p><p><strong><u>COOKIES<\/u><\/strong><\/p><p>Consultar \u201cPol\u00edtica de Cookies\u201d.<\/p><p><strong><u>LEGISLACI\u00d3N APLICABLE Y JURISDICCI\u00d3N COMPETENTE<\/u><\/strong><\/p><p>En el supuesto de que surja cualquier conflicto o discrepancia en la interpretaci\u00f3n o aplicaci\u00f3n de las presentes condiciones de uso, la normativa legal aplicable en todos y cada uno de sus extremos ser\u00e1 la espa\u00f1ola.<\/p><p>Documento revisado el 7 de marzo de 2019<\/p>\t\t\t\t\t\t\t\t<\/div>\n\t\t\t\t<\/div>\n\t\t\t\t\t<\/div>\n\t\t\t\t<\/div>\n\t\t\t\t<\/div>\n\t\t","protected":false},"excerpt":{"rendered":"<p>Aviso Legal En este espacio, el usuario, podr\u00e1 encontrar toda la informaci\u00f3n relativa a los t\u00e9rminos y condiciones de uso que definen las relaciones entre los usuarios y el titular de esta web. Como usuario, es importante conocer estos t\u00e9rminos antes de continuar con la navegaci\u00f3n. IDENTIFICACI\u00d3N Y CONTACTO DEL TITULAR DE LA WEB Nombre:\u00a0COMPLIANCE-CONSIGNO, S.L. CIF:\u00a0B40573636 Domicilio Social:\u00a0Carrer del Transits, 2. 46002, Valencia Inscripci\u00f3n Registral:\u00a0Registro Mercantil de Valencia en el tomo 10656, folio 162, inscripci\u00f3n 1 con hoja V-187226. Tel\u00e9fono: 609 87 23 82 Correo Electr\u00f3nico:\u00a0consigno@consignocpl.es \u00c1MBITO DE APLICACI\u00d3N La navegaci\u00f3n por el sitio web del Titular implica asumir la condici\u00f3n de usuario y la aceptaci\u00f3n absoluta de lo manifestado en este Aviso Legal. PROPIEDAD INTELECTUAL O INDUSTRIAL En virtud de lo dispuesto en los art\u00edculos 8 y 32.1, p\u00e1rrafo segundo, de la Ley de Propiedad Intelectual, quedan expresamente prohibidas la reproducci\u00f3n, la distribuci\u00f3n y la comunicaci\u00f3n p\u00fablica, incluida su modalidad de puesta a disposici\u00f3n, de la totalidad o parte de los contenidos de esta p\u00e1gina web, con fines comerciales, en cualquier soporte y por cualquier medio t\u00e9cnico, sin la autorizaci\u00f3n del titular de la web. El usuario se compromete a respetar los derechos de Propiedad Intelectual e Industrial titularidad de COMPLIANCE-CONSIGNO, S.L. Todos los contenidos publicados en el sitio web y especialmente los dise\u00f1os, textos, im\u00e1genes, v\u00eddeos, gr\u00e1ficos, logos, iconos, botones, as\u00ed como los nombres comerciales, las marcas o dibujos y cualquier otro signo susceptible de utilizaci\u00f3n industrial y comercial est\u00e1n sujetos a derechos de propiedad intelectual e industrial de COMPLIANCE-CONSIGNO, S.L. En ning\u00fan caso, se entender\u00e1 que se concede licencia alguna o se efect\u00faa renuncia, transmisi\u00f3n, cesi\u00f3n total o parcial de dichos derechos ni se confiere ning\u00fan derecho ni expectativa de derecho, y en especial, de alteraci\u00f3n, explotaci\u00f3n, reproducci\u00f3n, distribuci\u00f3n o comunicaci\u00f3n p\u00fablica sobre dichos contenidos sin la previa autorizaci\u00f3n expresa de COMPLIANCE-CONSIGNO, S.L. COMPLIANCE-CONSIGNO, S.L. cuenta con la autorizaci\u00f3n para la publicaci\u00f3n en su web de las im\u00e1genes, textos y logos de sus clientes. NORMAS COMUNES DE USO DE LA WEB El usuario queda informado, y acepta, que el acceso a la presente web no supone, en modo alguno, el inicio de una relaci\u00f3n comercial. De esta forma, el usuario se compromete a utilizar el sitio web, sus servicios y contenidos sin contravenir la legislaci\u00f3n vigente, la buena fe y el orden p\u00fablico. Queda prohibido el uso de la web, con fines il\u00edcitos o lesivos, o que, de cualquier forma, puedan causar perjuicio o impedir el normal funcionamiento del sitio web. Respecto de los contenidos de esta web, se proh\u00edbe su utilizaci\u00f3n para fines comerciales o publicitarios. En la utilizaci\u00f3n de la web, el usuario se compromete a no llevar a cabo ninguna conducta que pudiera da\u00f1ar la imagen, los intereses y los derechos de COMPLIANCE-CONSIGNO, S.L. o de terceros, o que pudiera da\u00f1ar, inutilizar o sobrecargar el portal o que impidiera, de cualquier forma, la normal utilizaci\u00f3n de la web. LIMITACI\u00d3N DE RESPONSABILIDADES COMPLIANCE-CONSIGNO, S.L. responder\u00e1 de los da\u00f1os y perjuicios que el usuario pueda sufrir como consecuencia de la utilizaci\u00f3n del sitio web cuando dichos da\u00f1os sean directamente imputables a una actuaci\u00f3n incorrecta de esta entidad, habiendo probado que no ha cumplido las exigencias y requisitos legales y reglamentariamente establecidos. Es responsabilidad del usuario adoptar todas las medidas t\u00e9cnicas adecuadas para controlar razonablemente los riesgos de la navegaci\u00f3n abierta por Internet y evitar da\u00f1os en sus equipos, p\u00e9rdida de datos y robo de informaci\u00f3n confidencial. COMPLIANCE-CONSIGNO, S.L. no se hace responsable de los perjuicios que se pudieran derivar de interferencias, omisiones, interrupciones, virus inform\u00e1ticos, aver\u00edas y\/o desconexiones en el funcionamiento operativo de este sitio web o en los aparatos y equipos inform\u00e1ticos de los usuarios, motivadas por causas ajenas a COMPLIANCE-CONSIGNO, S.L. COMPLIANCE-CONSIGNO, S.L. no ser\u00e1 responsable si no tiene conocimiento efectivo de que la actividad o la informaci\u00f3n a la que remite o recomienda a trav\u00e9s de sus enlaces es il\u00edcita o de que lesiona bienes o derechos de un tercero susceptibles de indemnizaci\u00f3n, o si lo tiene, act\u00faa con diligencia para suprimir o inutilizar el enlace o la informaci\u00f3n correspondiente. MODIFICACI\u00d3N DE LAS CONDICIONES DE USO Eventualmente, estas Condiciones de Uso pueden ser revisadas con el fin de actualizar los cambios en la legislaci\u00f3n vigente, actualizar los procedimientos de recogida y uso de la informaci\u00f3n, la aparici\u00f3n de nuevos servicios o la exclusi\u00f3n de otros. Estos cambios ser\u00e1n vigentes a partir de su publicaci\u00f3n en la web, por lo que es importante revisar regularmente estas Condiciones de Uso con el fin de permanecer informado sobre los cambios habidos. NULIDAD E INEFICACIA DE LAS CL\u00c1USULAS Si cualquier cl\u00e1usula incluida en las presentes Condiciones Generales fuese declarada total o parcialmente nula o ineficaz, tal nulidad o ineficacia tan s\u00f3lo afectar\u00e1 a dicha disposici\u00f3n o a la parte de la misma que resulte nula o ineficaz, subsistiendo las presentes Condiciones Generales en todo lo dem\u00e1s, consider\u00e1ndose tal disposici\u00f3n, total o parcialmente, por no incluida. PROTECCI\u00d3N DE DATOS PERSONALES Consultar \u201cPol\u00edtica de Privacidad\u201d. COOKIES Consultar \u201cPol\u00edtica de Cookies\u201d. LEGISLACI\u00d3N APLICABLE Y JURISDICCI\u00d3N COMPETENTE En el supuesto de que surja cualquier conflicto o discrepancia en la interpretaci\u00f3n o aplicaci\u00f3n de las presentes condiciones de uso, la normativa legal aplicable en todos y cada uno de sus extremos ser\u00e1 la espa\u00f1ola. Documento revisado el 7 de marzo de 2019<\/p>\n","protected":false},"author":1,"featured_media":0,"parent":0,"menu_order":0,"comment_status":"closed","ping_status":"closed","template":"","meta":{"footnotes":""},"class_list":["post-646","page","type-page","status-publish","hentry"],"_links":{"self":[{"href":"https:\/\/e2.servicios-empresa.com\/index.php\/wp-json\/wp\/v2\/pages\/646","targetHints":{"allow":["GET"]}}],"collection":[{"href":"https:\/\/e2.servicios-empresa.com\/index.php\/wp-json\/wp\/v2\/pages"}],"about":[{"href":"https:\/\/e2.servicios-empresa.com\/index.php\/wp-json\/wp\/v2\/types\/page"}],"author":[{"embeddable":true,"href":"https:\/\/e2.servicios-empresa.com\/index.php\/wp-json\/wp\/v2\/users\/1"}],"replies":[{"embeddable":true,"href":"https:\/\/e2.servicios-empresa.com\/index.php\/wp-json\/wp\/v2\/comments?post=646"}],"version-history":[{"count":7,"href":"https:\/\/e2.servicios-empresa.com\/index.php\/wp-json\/wp\/v2\/pages\/646\/revisions"}],"predecessor-version":[{"id":799,"href":"https:\/\/e2.servicios-empresa.com\/index.php\/wp-json\/wp\/v2\/pages\/646\/revisions\/799"}],"wp:attachment":[{"href":"https:\/\/e2.servicios-empresa.com\/index.php\/wp-json\/wp\/v2\/media?parent=646"}],"curies":[{"name":"wp","href":"https:\/\/api.w.org\/{rel}","templated":true}]}}